2*d = 5*c - 0*d - 3965, 0 = 3*d + o. Is c a composite number?
True
Let r(c) = c**3 - 2*c**2 + 2. Let n be r(2). Suppose -3*x - n*x = -270. Let q = 107 - x. Is q prime?
True
Suppose 5*d = 3*n - 397, 2*n + 6*d = 3*d + 252. Is n composite?
True
Suppose -o + 19 = -3*t, 4 = -2*o + 4*t + 32. Suppose q + 2103 = o*q. Is q composite?
False
Is (5324/6 - -5)*9 a composite number?
True
Is (895/10 - 11)/(2/796) a composite number?
True
Let a(h) be the third derivative of 0*h - 11/12*h**4 - 7*h**2 + 1/2*h**3 + 0. Is a(-3) composite?
True
Suppose 20*z - 16*z = 4. Let r(q) = 4*q - 1. Let c be r(z). Suppose c*l - 7*l = -1036. Is l a prime number?
False
Let x(p) = -4*p**3 - 20*p**2 - p - 8. Is x(-6) a prime number?
False
Let b be (-2 + (1 - 0))*2 - 239. Let q = b + 506. Is q prime?
False
Let y(g) = -191*g - 8. Let a = -163 + 154. Is y(a) a composite number?
True
Is (0/(-4))/(-4) + 79942/2 composite?
False
Let v(s) = -s**3 - 15*s**2 + 17*s - 16. Let o be v(-16). Is ((-12656)/o)/(1/2) composite?
True
Is (-2 - 1) + (-1 + -10139)/(-3) composite?
True
Let j(x) = 892*x**2 + 2*x - 1. Let z = 74 - 72. Is j(z) a composite number?
False
Let c be (0 - 2)*(9205/(-14) + 1). Let d = c + 1004. Is d a prime number?
False
Suppose 5*s + 0 - 5 = 0. Let o(r) = -5*r**2 + 10*r + 4. Let j be o(-4). Is (3 - j) + -1 + s a prime number?
False
Let l(y) = -5. Let c(d) = 3. Let z(r) = -7*c(r) - 4*l(r). Let t(n) = -n**2 - 9*n - 4. Let u(v) = t(v) + z(v). Is u(-6) composite?
False
Let a = 40 - 38. Suppose 5*l - 286 - 255 = 2*r, 3*l + a*r = 331. Is l prime?
True
Let x be (-4 + (-14)/(-4))*0. Suppose x = -4*o - o + 635. Is o a composite number?
False
Let m = -13693 - -24056. Is m composite?
True
Suppose 2*f = -4 + 2, 0 = -5*x + 5*f + 120. Let p = 24 - x. Is (310/(-6))/(p/(-3)) a composite number?
True
Let d(n) be the first derivative of -161*n**3/3 + n**2 + n - 2. Let y be d(-1). Let t = 125 - y. Is t prime?
False
Let t(y) be the second derivative of -y**6/720 + 443*y**5/120 - 5*y**4/6 - 10*y. Let i(j) be the third derivative of t(j). Is i(0) a composite number?
False
Suppose 0*o = -2*o + 10. Suppose 602 = 12*i - o*i. Is i a composite number?
True
Let b(v) = -2*v - 10. Let j be b(-7). Let f(i) = -6*i - j - i + 8*i. Is f(11) a composite number?
False
Is (-34)/255 - 445281/(-45) composite?
True
Let m be 5*1 + 0/((-45)/(-5)). Suppose -2*w + 6*w - 4480 = -4*c, 5570 = m*w - c. Is w a prime number?
False
Is 9/(45/(-10)) - -11019 composite?
True
Let j be 696*5*(-9)/(-6). Suppose -2*s = -6*s + j. Let q = s - 866. Is q composite?
False
Is (2984/(-32))/((-2)/56) a composite number?
True
Suppose 0 = 7*w - 34885 + 2370. Is w composite?
True
Let y(m) be the third derivative of 2/15*m**5 + 0 + 0*m + 6*m**2 - 7/12*m**4 - 1/6*m**3. Is y(6) a composite number?
True
Let s(f) = -f**3 + 5*f**2 + f - 2. Let m be s(5). Suppose 5*b - 4*b - 313 = 2*x, 0 = m*b - 5*x - 935. Is b composite?
True
Let a(c) = -19*c + 43 + 45*c - 5*c. Is a(20) a composite number?
False
Let h(l) = 5*l**2 + 12*l + 146. Is h(19) a prime number?
True
Let a = -27312 - -49574. Is a a prime number?
False
Suppose -3*x + 554 = 2*u - 277, 1244 = 3*u + 4*x. Suppose -z - 3*z = -u. Let y = z + 21. Is y prime?
False
Suppose c + 0*j = j + 10, c - 5*j - 22 = 0. Let l(u) = -4*u**2 + 14*u - 7. Let p(m) = -m**2 + m. Let z(b) = l(b) - 3*p(b). Is z(c) prime?
False
Let o be (2/6)/((-7)/21). Let c = o + 9. Suppose -1865 = 3*h - c*h. Is h a prime number?
True
Let g = -17 - -20. Suppose g*h - 8 = j, j + 4*j + 4 = 3*h. Suppose -h*s + 5*n = -588, 3*s - n - 767 = -s. Is s prime?
True
Suppose -4*l + 2*v + 22 = 3*v, 0 = -2*l - v + 10. Suppose -y = 3*c, -2*y - 2*c = -l*c - 20. Suppose -568 = -y*b + 938. Is b prime?
True
Suppose 5*l - d = 82041, 3*l + 12603 = -5*d + 61850. Is l a prime number?
False
Let s(g) = -6*g**2 + 8*g + 16. Let x be s(10). Let p = 217 - x. Is p composite?
True
Suppose 0 = -2*d + 6*d + 4*m - 132328, 3*m + 99240 = 3*d. Is d a prime number?
False
Let a = -14 - -18. Suppose -a*y + 105 + 39 = 0. Let c = 91 + y. Is c composite?
False
Suppose 243681 + 16466 = 37*r. Is r composite?
True
Let b(w) = -6*w**3 - w - 2. Let q be b(-1). Suppose -q*d - 2*a + 1261 = 0, 4*d - 4*a = -3*a + 1001. Is d a prime number?
True
Let c(r) = 1607*r + 12. Is c(23) composite?
False
Let c be (3 + 36/(-3))/((-2)/(-58)). Let r = c + 1220. Is r a prime number?
False
Suppose -13*a + 3*a + 16550 = 0. Let y = a + -172. Is y a composite number?
False
Let v be 1/2*(-117 - -13). Let s = -29 - v. Is s prime?
True
Suppose -3*d + 3*t = -27, 3*d + 4*t - 1 = -2. Let g(k) = 5*k + 5 + 9*k + k + 13*k. Is g(d) prime?
False
Suppose 0 = 2*f - q - 122, -2*f + 0*f - q = -122. Let y = 88 + f. Is y a prime number?
True
Let o(x) = -15*x. Let q be o(-1). Suppose -12 + q = 3*r. Is (-5 + 2 - r) + 637 a prime number?
False
Let f be 68/17 + 127*1. Is (-1)/4*f*-4 composite?
False
Let q(i) be the second derivative of i**4/12 - i**3 + i. Is q(-13) composite?
True
Let a(q) = -3*q**3 + 5*q**2 + 5*q + 6. Let j(u) = u**3 - 2*u**2 - 6*u + 5. Let o be j(3). Let t be a(o). Let d = t - -133. Is d a prime number?
False
Let a be ((-3)/2)/(4/(-8)). Suppose -1 = r - 4*v - a, -v = -2*r + 11. Suppose 106 + 98 = r*f. Is f a prime number?
False
Suppose 0 = -7*o + 45009 - 160320. Is o/(-5) + 8/20 composite?
True
Let z be (-444)/(-12)*-1*1*-1. Let b = 272 - z. Is b a prime number?
False
Let a be 6/8 + 15/(-20). Suppose -5*x + 0*m - m - 10 = a, 0 = -2*x + 5*m + 23. Is x*1 + 67 + 3 composite?
True
Let h(c) = -c**2 + 4*c + 1. Let p be h(5). Is -4 + (545 - 4 - p) prime?
True
Let b = 1701 - 304. Is b prime?
False
Is (-2 - (-1023)/6)/(3/6) a prime number?
True
Let o(i) = -6*i**2 + 5077 - 16*i - 5096 + i**3 - 21*i. Is o(16) a composite number?
False
Is (-1182588)/(-99) + 2*(-1)/6 prime?
False
Suppose 3*m - 7*h + 8*h = 311679, 2*h + 415572 = 4*m. Is m a composite number?
True
Let i(f) = f**3 + 7*f**2 + 4*f - 5. Let w(m) = -15*m**2 + m - 1. Let q be w(1). Let z = q - -10. Is i(z) composite?
True
Let v(f) = 2*f**2 + 3*f + 2. Let h be v(-2). Suppose 0*d + 1846 = -5*d - g, 3*g = h*d + 1492. Let s = -77 - d. Is s a composite number?
False
Suppose -c + 15178 + 37379 = 0. Is c a composite number?
True
Let p(c) be the first derivative of -72*c**2 - 35*c + 5. Is p(-10) prime?
False
Suppose -3*q + 3*p - 7 = 8*p, -p = 2*q. Is 267*4/12*(q + 4) prime?
False
Let j(c) = -c**2 - 4*c + 1. Let p be j(-2). Suppose 5*z - p = 4*w + 619, 0 = -2*z. Let r = w + 971. Is r a prime number?
False
Let t = -14695 + 20760. Is t composite?
True
Suppose -6*g + 2*g = 4*l - 16792, -2*g - 5*l = -8393. Suppose 3*w = -3*s - 4191, -3*w = -3*s - g + 14. Is (2 - s/8)*2 a composite number?
False
Let w(a) = 1706*a - 943. Is w(27) a composite number?
False
Let n(q) be the second derivative of 5*q**4/4 - q**3/6 + q**2/2 - 4*q. Suppose 5*l = -7 + 22. Is n(l) a composite number?
True
Is (-4 + 56/21)*31638/(-8) composite?
False
Suppose 0 = c - 5*c + 5088. Suppose v - 646 = -3*u, -7*v = -5*v + 2*u - c. Is v prime?
True
Let k = 303 + -923. Let w = -2970 - -1399. Let r = k - w. Is r prime?
False
Suppose 5*n - 95 = -2*l, 0*n + 2*n - l - 47 = 0. Let o be 14/3 - (-7)/n. Suppose 145 = 4*y + o. Is y a prime number?
False
Suppose -208 = -5*x + 132. Let q = 231 + x. Is q a composite number?
True
Suppose -66*d + 12719 = -59*d. Is d prime?
False
Let i(n) = n**3 - 2*n**2 + 3*n - 2. Let p be i(2). Suppose 4*m + 3*t = -6, p*t + 0*t - 17 = 3*m. Is (-2)/(-6) - 200/m composite?
False
Let a(m) = 19*m + 6. Suppose v = 2*s + 14, 6*v = v + 10. Let x be a(s). Let n = -29 - x. Is n a composite number?
False
Let q(o) = 160*o**2 + 1. Suppose 0 = -4*s + 2*s + 6. Suppose -4*z + s*n + 7 = 2*n, 2*n = -6. Is q(z) prime?
False
Suppose -4*g - 5*z = -8159, -2*z - 13592 + 3385 = -5*g. Is g composite?
True
Let d = 751 - 105. Suppose p - 3*p + d = 4*x, -p + x = -335. Is p a prime number?
True
Suppose 0 = 3*s - 405 - 558. Is s a prime number?
False
Let a(u) = 36*u**3 - 10*u**2 + 19*u + 13. Is a(8) composite?
False
Let i = 485 - -506. Is i composite?
False
Is -2 + 138170 - -12 - 14/2 composite?
True
Suppose -31661 = -i + p, 10*i - 15*i + 2*p = -158305. Is i a composite number?
True
Let y = 9312 + 2911. Is y a composite number?
True
Let q(j) = 220*j**2 + 3*j - 3. Is q(-2) composite?
True
Let n = -709 - -10712. Is n comp